thousands digit of 57889595?
8
What is the thousands digit of 46811279?
1
What is the billions digit of 1336349759?
1
What is the thousands digit of 152932767?
2
What is the thousands digit of 2010705306?
5
What is the thousands digit of 300088?
0
What is the hundred thousands digit of 7573412820?
4
What is the ten thousands digit of 40433484?
3
What is the units digit of 409500013?
3
What is the millions digit of 1982332208?
2
What is the units digit of 56326552?
2
What is the ten millions digit of 170884434?
7
What is the hundred thousands digit of 162138011?
1
What is the billions digit of 2569881741?
2
What is the millions digit of 5345477420?
5
What is the units digit of 594066039?
9
What is the units digit of 11449593?
3
What is the units digit of 41405104?
4
What is the hundred thousands digit of 3447457?
4
What is the tens digit of 2625536694?
9
What is the millions digit of 3055262643?
5
What is the hundred thousands digit of 47365465?
3
What is the tens digit of 661803230?
3
What is the thousands digit of 725103295?
3
What is the thousands digit of 52507240?
7
What is the thousands digit of 122504487?
4
What is the units digit of 100737537?
7
What is the millions digit of 216276384?
6
What is the tens digit of 44524091?
9
What is the thousands digit of 138815028?
5
What is the hundreds digit of 31293967?
9
What is the units digit of 6156533?
3
What is the ten millions digit of 48516383?
4
What is the millions digit of 11483641?
1
What is the ten millions digit of 945628249?
4
What is the ten thousands digit of 33656233?
5
What is the hundreds digit of 48269994?
9
What is the ten thousands digit of 97798424?
9
What is the hundreds digit of 47899637?
6
What is the ten millions digit of 50034030?
5
What is the ten thousands digit of 223238663?
3
What is the millions digit of 491637767?
1
What is the thousands digit of 7347601729?
1
What is the hundred millions digit of 118860206?
1
What is the tens digit of 56132316?
1
What is the hundred thousands digit of 159430234?
4
What is the ten millions digit of 265369862?
6
What is the ten millions digit of 105083155?
0
What is the tens digit of 4150776139?
3
What is the ten millions digit of 95586645?
9
What is the thousands digit of 1653566465?
6
What is the hundreds digit of 152282346?
3
What is the thousands digit of 85285867?
5
What is the ten millions digit of 48180601?
4
What is the tens digit of 12294969?
6
What is the ten thousands digit of 65614965?
1
What is the tens digit of 5393955?
5
What is the ten thousands digit of 1107323013?
2
What is the millions digit of 3289697771?
9
What is the hundreds digit of 438038660?
6
What is the billions digit of 6529107369?
6
What is the millions digit of 4335723222?
5
What is the millions digit of 684766559?
4
What is the units digit of 138921622?
2
What is the units digit of 131171130?
0
What is the ten thousands digit of 100560439?
6
What is the thousands digit of 243170374?
0
What is the ten millions digit of 59977925?
5
What is the hundred thousands digit of 84369228?
3
What is the hundreds digit of 130496336?
3
What is the tens digit of 15998497?
9
What is the hundreds digit of 67025938?
9
What is the hundreds digit of 110410339?
3
What is the thousands digit of 828312?
8
What is the units digit of 530040276?
6
What is the tens digit of 2520669655?
5
What is the hundreds digit of 5557092?
0
What is the hundred thousands digit of 350556583?
5
What is the units digit of 3067131?
1
What is the hundred millions digit of 4304679702?
3
What is the thousands digit of 379553472?
3
What is the billions digit of 2577350966?
2
What is the millions digit of 852227816?
2
What is the hundred thousands digit of 59436139?
4
What is the thousands digit of 2984903488?
3
What is the hundred thousands digit of 2402261812?
2
What is the hundred thousands digit of 40355224?
3
What is the hundreds digit of 460786168?
1
What is the thousands digit of 22168122?
8
What is the millions digit of 173680017?
3
What is the billions digit of 2800333872?
2
What is the thousands digit of 293064784?
4
What is the hundreds digit of 144583824?
8
What is the hundred millions digit of 567797763?
5
What is the millions digit of 103703314?
3
What is the thousands digit of 4069023206?
3
What is the ten millions digit of 816966956?
1
What is the hundreds digit of 21501452?
4
What is the units digit of 43943971?
1
What is the thousands digit of 77048915?
8
What is the hundred thousands digit of 94720838?
7
What is the tens digit of 2705472824?
2
What is the tens digit of 61889390?
9
What is the thousands digit of 17500463?
0
What is the thousands digit of 67932148?
2
What is the hundreds digit of 219940339?
3
What is the tens digit of 56769237?
3
What is the units digit of 197579473?
3
What is the ten thousands digit of 34964826?
6
What is the ten millions digit of 93195279?
9
What is the millions digit of 38399992?
8
What is the hundreds digit of 1317792081?
0
What is the thousands digit of 887651489?
1
What is the millions digit of 327120480?
7
What is the millions digit of 64601253?
4
What is the units digit of 5249067353?
3
What is the hundreds digit of 5442151384?
3
What is the billions digit of 1872395344?
1
What is the millions digit of 154355594?
4
What is the hundred millions digit of 1890612672?
8
What is the hundred millions digit of 948577080?
9
What is the hundreds digit of 201314972?
9
What is the hundred thousands digit of 4896251?
8
What is the hundreds digit of 108187861?
8
What is the units digit of 716357815?
5
What is the thousands digit of 8100082?
0
What is the hundred thousands digit of 67981340?
9
What is the units digit of 91482447?
7
What is the tens digit of 48692465?
6
What is the hundred millions digit of 245415725?
2
What is the ten thousands digit of 359739320?
3
What is the hundred thousands digit of 251388027?
3
What is the hundreds digit of 785155749?
7
What is the tens digit of 31287780?
8
What is the millions digit of 85367573?
5
What is the hundred millions digit of 610854622?
6
What is the hundred thousands digit of 86148613?
1
What is the ten millions digit of 71751261?
7
What is the ten thousands digit of 791149823?
4
What is the hundred thousands digit of 30832899?
8
What is the billions digit of 4735620074?
4
What is the hundred thousands digit of 22568836?
5
What is the ten thousands digit of 560912310?
1
What is the tens digit of 22158240?
4
What is the units digit of 149424128?
8
What is the units digit of 273676385?
5
What is the ten millions digit of 818817577?
1
What is the hundred thousands digit of 36934478?
9
What is the units digit of 65305280?
0
What is the hundred millions digit of 107024224?
1
What is the billions digit of 2278437961?
2
What is the billions digit of 4114373200?
4
What is the tens digit of 607208231?
3
What is the billions digit of 1697586583?
1
What is the hundreds digit of 23538245?
2
What is the tens digit of 124847436?
3
What is the units digit of 762048003?
3
What is the thousands digit of 41699003?
9
What is the hundreds digit of 1178115928?
9
What is the ten millions digit of 31033790?
3
What is the thousands digit of 34628527?
8
What is the thousands digit of 22623143?
3
What is the thousands digit of 69008329?
8
What is the tens digit of 1398059141?
4
What is the thousands digit of 32492530?
2
What is the ten thousands digit of 26854438?
5
What is the units digit of 123336946?
6
What is the tens digit of 136998544?
4
What is the ten thousands digit of 6076897?
7
What is the ten millions digit of 1226689688?
2
What is the tens digit of 149300576?
7
What is the millions digit of 106937953?
6
What is the hundreds digit of 17119773?
7
What is the units digit of 351564503?
3
What is the units digit of 473446199?
9
What is the ten millions digit of 41014656?
4
What is the thousands digit of 849456105?
6
What is the thousands digit of 2855399761?
9
What is the ten thousands digit of 51948800?
4
What is the ten millions digit of 488878304?
8
What is the hundreds digit of 203054326?
3
What is the tens digit of 30496239?
3
What is the hundreds digit of 2835024219?
2
What is the ten thousands digit of 1523452374?
5
What is the tens digit of 247224341?
4
What is the units digit of 5410707770?
0
What is the billi